et m(j) = 2*j + 11. Let s be m(v). Let p(q) = -q + 3 + 0*q - 4. Determine p(s).
2
Let f(v) be the third derivative of -v**6/120 - v**4/24 - v**3 + 3*v**2. Suppose -3*j = -4 + 1. Let c = j - 1. Give f(c).
-6
Suppose -5 = -t - 0*t. Let q(c) = 5*c + 6 + 2*c**2 - 1 - 13*c. Determine q(t).
15
Let t(n) = n**3 + 10*n**2 + 8*n - 9. Let y be 1*(-6)/10 + 42/(-5). Calculate t(y).
0
Let x(t) = -26*t - 6 + 13*t - t**2 + 8*t. Determine x(-4).
-2
Let z(y) = -2*y. Suppose 2*i - 3*i + 9 = 3*u, -3*u + 9 = 3*i. Suppose t - 2*a = -2*t + 15, 0 = -u*t - 2*a + 3. Give z(t).
-6
Let k be 1/4 - 12/(-16). Let g(m) = k + 0 + 3*m - 4*m + 0. What is g(3)?
-2
Suppose -3 = 4*l + 4*o + 25, -5*o = 25. Let i be l + 0/1 + 2. Let h(z) = i*z**2 + z**2 - z - 4*z + 2. Give h(3).
-4
Let o(g) = -4*g**2 + 10*g - 42. Let v(q) = q**2 - 3*q + 14. Let i(x) = 2*o(x) + 7*v(x). Determine i(0).
14
Let a(g) be the first derivative of g**3/3 + 3. What is a(2)?
4
Let y be (-12)/(-66) + 35/(-11). Let t(a) = -2*a**2 + 0*a**2 - 4 - a**3 + 2. What is t(y)?
7
Let l be 6*-1*(-1)/2. Let b(j) = 3*j - 7*j + 3*j - l*j + 4 - j**2. Calculate b(-4).
4
Let s(q) = -q + 5. Let k = 10 + -6. Let j(n) = n - 5. Let w(t) = k*s(t) + 6*j(t). Give w(7).
4
Suppose 0 = -y - 0*y. Let v(j) = 2 - j + y + 2. What is v(0)?
4
Let k(s) = 1 + 4 - s**2 - 4 + 7*s - s. What is k(8)?
-15
Let w(v) be the third derivative of -1/6*v**4 + 1/120*v**5 + 0 - 1/2*v**3 + 0*v + 2*v**2. Let o(n) be the first derivative of w(n). What is o(3)?
-1
Suppose -6*a = -7 - 11. Let w(z) = -z**2 + 0 + 5*z - 1 - 2. Give w(a).
3
Let x be (-1 - 2)*(0 - 1). Let t = x - 6. Let q(b) = -b - 2. What is q(t)?
1
Suppose -2*t = 1 - 5. Let k(o) = -26*o - 1 + 26*o + 2 - o**2. What is k(t)?
-3
Let y = -1 + 5. Let r(a) = -5*a. Let g = -87 + 90. Let j(q) = 6*q + 1. Let p(l) = g*j(l) + y*r(l). Determine p(3).
-3
Let a(z) = z**3 + 9*z**2 - 11*z + 9. Let q(k) = -k**3 - 8*k**2 + 10*k - 8. Let v(t) = -3*a(t) - 4*q(t). Give v(-6).
11
Let x = -4 + 9. Let o(d) be the first derivative of -d - 2. Let a(h) = 2*h - 7. Let n(s) = a(s) - 2*o(s). Determine n(x).
5
Suppose -3*w = 4*z - 8, -4*z + 0 = -w - 8. Let c(v) = 0*v**z - 2 + 0*v + 0*v**3 + 3*v**2 + 2*v + v**3. Give c(-2).
-2
Let i(c) = -9*c + 15. Let q(g) = 16*g - 29. Let b(l) = -7*i(l) - 4*q(l). What is b(0)?
11
Let t(k) be the third derivative of k**4/24 + k**3/6 - 2*k**2. Let y(r) = r**2 + r - 2. Let a be y(2). Suppose 6 + a = 2*n. Determine t(n).
6
Let o(t) = t**2 - 5*t + 6. Let f be o(5). Let k = -4 + f. Let j(m) = 70*m - 33*m - 35*m - 3 - 2*m**2. Calculate j(k).
-7
Let h(b) = -7*b + 1. Let v(p) = p + 1. Let y be (-28)/(-36) + 2/9. Let m(x) = y*h(x) + 6*v(x). Give m(4).
3
Let o = 3 - 1. Suppose r = 5*j - 7, 13 = r + o*j + 3*j. Let z(c) = 3*c - 2 - 2 + 0 + 0. Determine z(r).
5
Let a(f) = -4 + 4 - 4 - 4*f - 3*f**2 + 1. Determine a(-2).
-7
Let d = -7 - -4. Let i = 2 + 0. Let u(l) = i*l - 4 - 1 + 1. Determine u(d).
-10
Suppose -2*d = 3*q - 23 + 7, 10 = 5*d. Let n(t) = t**2 - 2*t + 5. Determine n(q).
13
Let r(t) = 65 - t + 0*t + 3*t - 79. Determine r(11).
8
Suppose 3*z - 12 + 3 = 0. Suppose 9*u - 3*y = 4*u - z, u + 5 = 5*y. Let s(t) = t**2 + t - 6. Determine s(u).
-6
Let w(r) be the second derivative of -r**4/6 - r**3/6 + r**2/2 + 19*r. Calculate w(-2).
-5
Let u(w) be the second derivative of w**4/12 + w**3/3 + w**2 - 2*w. Let a(n) = 3*n**2 + 5*n + 6. Let g(j) = -2*a(j) + 7*u(j). Determine g(-4).
2
Suppose 4*p + 20 = -p. Let w(b) = -b**3 - 4*b**2 - b + 3. Calculate w(p).
7
Let w(n) = -n**2 + n + 1. Let c be w(0). Let q(y) = -y**3. Give q(c).
-1
Suppose -9 = k - 4*z, 4*k - 3 = 2*z + z. Let u(f) = -5*f + 2. Give u(k).
-13
Suppose -7*q + 15 = -2*q. Let f(u) = -4*u**3 + 0*u + u**2 - 2*u + 3*u**2 + 3*u**3 - q. Calculate f(3).
0
Suppose -m + 1 = -4*m - 5*f, -2*f = -2*m + 10. Let x(g) = -g + 4. Let n be x(m). Let u(o) = 2 + 7*o + 2 - 3. What is u(n)?
8
Let i(d) = -d + 3. Let l be 31/(-3) - 2/(-6). Let f be (2/(-5))/(1/l). Suppose -f*w - 4*x = -x, 4 = -4*w - 4*x. Give i(w).
0
Let g(s) be the second derivative of -1/20*s**5 + 1/2*s**2 + 0 - 1/6*s**3 - 3*s + 1/2*s**4. Determine g(6).
-5
Let p(t) = t**3 - 6*t**2 - 5. Let n(l) = l**2 - 10*l - 5. Let k be (-21)/(-14)*(-4)/(-6). Let v be 8 + (k*-9)/(-3). Let u be n(v). Give p(u).
-5
Let a(y) = -5*y + 4. Let v(d) = d - 4*d + d - 1 - 10. Let q be v(-7). Calculate a(q).
-11
Let o(d) = d**2 - 5*d - 8. Suppose -3*t + s - 1 = 9, -18 = 4*t + s. Let w(m) = -m**2 - 5*m + 2. Let k be w(t). Determine o(k).
-2
Let d(r) = -5*r - 3 + r**2 - 2*r + 4*r. Give d(3).
-3
Let m(g) = -3*g**2 - g + 2. Let n(t) = 3*t + 8. Let j be n(-2). What is m(j)?
-12
Let q = -22 - -23. Let i(l) = -6*l - 1. Determine i(q).
-7
Let o(i) = -i + 4. Let a = -57 - -57. Determine o(a).
4
Let x = 5 + -1. Suppose 0 = -2*c + x. Let v(q) be the third derivative of -q**5/60 - q**3/6 - q**2. What is v(c)?
-5
Suppose -3*h = -3*u + 5 + 4, 0 = 2*h + u - 6. Let v(m) be the first derivative of 1/2*m**2 + h + m. Determine v(0).
1
Let j = -8 - -3. Let n(m) = m - 1. Calculate n(j).
-6
Suppose -12*b + 10*b + 16 = 0. Let h = 7 - b. Let v(z) = 5*z**3 + z**2 - z - 1. What is v(h)?
-4
Suppose -2*m = m + 18. Let p(n) = -n**3 - 7*n**2 - 9*n - 9. Determine p(m).
9
Let n(y) = y - 2. Suppose -2*s + 12 = h, -s - 4*h + 2*h = -9. Let m be s/(10/(-3))*2. Determine n(m).
-5
Let t(f) = 5 - 7*f + 7*f**2 + 8*f**2 - 27*f**2 + 13*f**2. Calculate t(4).
-7
Let b be (-12)/24 - 10/(-4). Let p(s) = -3 + 8*s + 5 - 2*s + 0*s + s**b. Give p(-4).
-6
Let a(r) = -3*r - 15. Let w be a(-6). Suppose 4*l - 1 = w. Let p(k) = k + 1. Determine p(l).
2
Let p(g) = 2*g**2 - 2*g + 2. Let w(x) be the second derivative of x**4/12 + 2*x**3/3 + 3*x**2/2 - 2*x. Let c be w(-5). Suppose -3*s + c = 2. What is p(s)?
6
Let t be (1 + -1)*(3 + -2). Let n(b) = -b - 2*b**2 + b**2 + 129 - 124 - b**3. Determine n(t).
5
Let d(t) be the third derivative of -t**6/120 + t**4/12 - t**3/6 - t**2. Suppose -5 = -2*y + 7*y. Let g = 1 - y. Calculate d(g).
-5
Suppose -3*f + 8 = f. Let g be (-22)/8 + f/(-8). Let d(b) = b**2 + 7*b - 1 - b - 1 + 4. Calculate d(g).
-7
Let q(n) = -n**2 + 2*n - 2. Suppose -7*t + 15 = -2*t. Give q(t).
-5
Let m = 0 + 3. Let u(g) = g**3 - g**2 + g + 1. Let v(t) = 2*t**2 + t + 2. Let k(s) = u(s) - v(s). Determine k(m).
-1
Let r(g) = -12*g + 9*g + 7*g - 3. What is r(4)?
13
Let i(x) = 2*x + 2. Let o(h) = -h**2 + 6*h + 3. Let r be o(-1). Determine i(r).
-6
Let m(a) = 3*a - 2. Let v be m(3). Let c = v - 11. Let o be 2 - (c + 1 + 1). Let d(t) = t**2 - 7*t + 6. What is d(o)?
-6
Let c be 2/(5/((-45)/(-6))). Let s(a) be the second derivative of 0 + 2*a - 1/12*a**4 + 2/3*a**c - a**2. Give s(3).
1
Let z(o) = -o - 4. Let h be 0/(0 + 2 + -4). Determine z(h).
-4
Let o(u) = u. Let r(l) = -4*l + 1. Let g(p) = -9*o(p) - 2*r(p). Let y = 17 - 7. Suppose -2*s = -4*w + y, 5*s = 4*s + 5*w - 17. Determine g(s).
-5
Let w(p) = 3*p + 3. Let c(s) = 1. Let t(q) = -2*c(q) + w(q). Let m(g) = g. Let d(i) = 5*m(i) - 2*t(i). Let j be d(-7). Let b(y) = 2*y - 1. Calculate b(j).
9
Let c(w) = -w**3 + w**2 + 3*w - 2. Suppose -p = 3*p - 12. Calculate c(p).
-11
Suppose -1 = -3*h + 4*t - 6*t, 5*h = -5*t. Let g(c) be the second derivative of -c**5/20 - c**4/12 + c**2/2 + c. Determine g(h).
-1
Suppose -13*s = -3*s - 10. Let n(j) = 7*j**2 - 2*j + 1. Determine n(s).
6
Let d(j) = 23*j. Suppose 0 = -2*a + 8 - 6. Give d(a).
23
Let y(h) = h**3 + 2*h**2 + 3*h + 4. Let q = 39 - 42. Calculate y(q).
-14
Let o(s) = 4*s - 1. Let a(v) = 4*v + 2. Let z(n) = -8*n - 3. Let w(u) = 5*a(u) + 3*z(u). Let j be w(-1). Suppose -d + j = 4*d. What is o(d)?
3
Let m(x) = -x**2 - 3*x - 3. Let f(l) = -l - 1. Let r(a) = -a + 1. Let o be r(3). Let y = 0 + o. Let h(t) = y*m(t) + 6*f(t). What is h(1)?
2
Suppose 3*j - j - 16 = 0. Suppose 0 = -3*n + j + 4. Let u(g) = -g**3 + 3*g**2 + 3*g + 5. What is u(n)?
1
Let f(x) = 11*x + 1. Suppose 0 = 3*q - 5 - 4. Let r(j) = 22*j + 2. Let o(t) = q*r(t) - 7*f(t). What is o(1)?
-12
Let g(v) be the second derivative of 2*v - 1/12*v**4 + v**2 + 0 + 1/6*v**3 + 1/20*v**5. Let u = 1 - -1. Give g(u).
8
Let i(p) be the second derivative of -p**5/20 + p**3/6 + 7*p. Calculate i(-2).
6
Let s(i) = i**2 + i - 2 - 2*i**3 + 4*i**3 + 1 - 2*i**2. Calculate s(1).
1
Let b(k) be the second derivative of -k**5/4 + k**3/6 - 10*k. Give b(1).
-4
Suppo